{"id":7,"date":"2018-09-25T07:15:58","date_gmt":"2018-09-25T07:15:58","guid":{"rendered":"http:\/\/www.inoxmartens.eu\/?page_id=7"},"modified":"2018-11-17T16:42:42","modified_gmt":"2018-11-17T16:42:42","slug":"domu","status":"publish","type":"page","link":"https:\/\/www.inoxmartens.eu\/","title":{"rendered":"Dom\u016f"},"content":{"rendered":"<h2>Nerezov\u00e9 z\u00e1bradl\u00ed<\/h2>\n<p>Firma INOXMARTENS V\u00e1m nab\u00edz\u00ed dod\u00e1vku a mont\u00e1\u017e r\u016fzn\u00fdch variant stavebnicov\u00e9ho nerezov\u00e9ho z\u00e1bradl\u00ed.<\/p>\n<p>Zajist\u00edme dopravu a mont\u00e1\u017e stavebnicov\u00e9ho nerezov\u00e9ho z\u00e1bradl\u00ed do interi\u00e9ru (schodi\u0161t\u011b, galerie, madla po zdi) nebo exteri\u00e9ru (terasy, balkony, francouzsk\u00e1 okna, schodi\u0161t\u011b).<\/p>\n<p>Realizace na\u0161ich proveden\u00fdch staveb najdete na hlavn\u00ed str\u00e1nce v sekci <a href=\"http:\/\/www.inoxmartens.eu\/index.php\/domu\/galerie\/\">galerie.<\/a><\/p>\n<p style=\"text-align: center;\"><a class=\"ngg-simplelightbox\" title=\" \" href=\"http:\/\/www.inoxmartens.eu\/wp-content\/gallery\/exterier\/IMG-20140715-WA0001.jpg\" rel=\"\" data-image-id=\"55\" data-src=\"http:\/\/www.inoxmartens.eu\/wp-content\/gallery\/exterier\/IMG-20140715-WA0001.jpg\" data-thumbnail=\"http:\/\/www.inoxmartens.eu\/wp-content\/gallery\/exterier\/thumbs\/thumbs_IMG-20140715-WA0001.jpg\" data-title=\"EXTERI\u00c9R\" data-description=\" \"><img class=\"ngg-singlepic ngg-none aligncenter\" src=\"http:\/\/www.inoxmartens.eu\/wp-content\/gallery\/exterier\/thumbs\/thumbs_IMG-20140715-WA0001.jpg\" alt=\"EXTERI\u00c9R\"><\/a><\/p>\n<h2>Sklen\u011bn\u00e9 z\u00e1bradl\u00ed<\/h2>\n<p>Nab\u00edz\u00edme V\u00e1m tak\u00e9 r\u016fzn\u00e9 varianty sklen\u011bn\u00e9ho z\u00e1bradl\u00ed, kter\u00e9 je dnes \u010dasto vyhled\u00e1van\u00fdm druhem z\u00e1bradl\u00ed. Sklen\u011bn\u00e9 z\u00e1bradl\u00ed pozvedne V\u00e1\u0161 design interi\u00e9ru i exteri\u00e9ru. Uk\u00e1zka realizovan\u00fdch zak\u00e1zek v sekci <a href=\"http:\/\/www.inoxmartens.eu\/index.php\/domu\/galerie\/\">galerie<\/a>.<\/p>\n<p style=\"text-align: center;\"><a class=\"ngg-simplelightbox\" title=\" \" href=\"http:\/\/www.inoxmartens.eu\/wp-content\/gallery\/sklo\/DSC_0037.JPG\" rel=\"\" data-image-id=\"48\" data-src=\"http:\/\/www.inoxmartens.eu\/wp-content\/gallery\/sklo\/DSC_0037.JPG\" data-thumbnail=\"http:\/\/www.inoxmartens.eu\/wp-content\/gallery\/sklo\/thumbs\/thumbs_DSC_0037.JPG\" data-title=\"SKLO\" data-description=\" \"><img class=\"ngg-singlepic ngg-none aligncenter\" src=\"http:\/\/www.inoxmartens.eu\/wp-content\/gallery\/sklo\/thumbs\/thumbs_DSC_0037.JPG\" alt=\"SKLO\"><\/a><\/p>\n<h2>Panel\u00e1kov\u00e1 madla<\/h2>\n<p>Firma INOXMARTENS tak\u00e9 instaluje r\u016fzn\u00e9 varianty panel\u00e1kov\u00fdch madel. V dne\u0161n\u00ed dob\u011b rekonstrukc\u00ed panelov\u00fdch dom\u016f je toto dal\u0161\u00ed zp\u016fsob jak si zp\u0159\u00edjemnit V\u00e1\u0161 prostor k bydlen\u00ed, jak funk\u010dnost\u00ed tak designem.Panel\u00e1kov\u00e1 madla nab\u00edz\u00edme v materi\u00e1lu d\u0159evo nebo plast, ve v\u00edce barevn\u00fdch variant\u00e1ch.&nbsp;Uk\u00e1zka realizovan\u00fdch zak\u00e1zek v sekci <a href=\"http:\/\/www.inoxmartens.eu\/index.php\/domu\/galerie\/\">galerie<\/a>.<\/p>\n<p><img loading=\"lazy\" class=\"size-medium wp-image-117 aligncenter\" src=\"http:\/\/www.inoxmartens.eu\/wp-content\/uploads\/2018\/10\/DSC_0968-300x169.jpg\" alt=\"\" width=\"300\" height=\"169\" srcset=\"https:\/\/www.inoxmartens.eu\/wp-content\/uploads\/2018\/10\/DSC_0968-300x169.jpg 300w, https:\/\/www.inoxmartens.eu\/wp-content\/uploads\/2018\/10\/DSC_0968-768x432.jpg 768w, https:\/\/www.inoxmartens.eu\/wp-content\/uploads\/2018\/10\/DSC_0968-1024x576.jpg 1024w, https:\/\/www.inoxmartens.eu\/wp-content\/uploads\/2018\/10\/DSC_0968-500x281.jpg 500w\" sizes=\"(max-width: 300px) 100vw, 300px\" \/><\/p>\n","protected":false},"excerpt":{"rendered":"<p>Nerezov\u00e9 z\u00e1bradl\u00ed Firma INOXMARTENS V\u00e1m nab\u00edz\u00ed dod\u00e1vku a mont\u00e1\u017e r\u016fzn\u00fdch variant stavebnicov\u00e9ho nerezov\u00e9ho z\u00e1bradl\u00ed. Zajist\u00edme dopravu a mont\u00e1\u017e stavebnicov\u00e9ho nerezov\u00e9ho z\u00e1bradl\u00ed do interi\u00e9ru (schodi\u0161t\u011b, galerie, madla po zdi) nebo exteri\u00e9ru (terasy, balkony, francouzsk\u00e1 okna, schodi\u0161t\u011b). Realizace na\u0161ich proveden\u00fdch staveb najdete &hellip; <a href=\"https:\/\/www.inoxmartens.eu\/\">Cel\u00fd p\u0159\u00edsp\u011bvek <span class=\"meta-nav\">&rarr;<\/span><\/a><\/p>\n","protected":false},"author":1,"featured_media":0,"parent":0,"menu_order":0,"comment_status":"closed","ping_status":"closed","template":"","meta":{"ngg_post_thumbnail":0},"_links":{"self":[{"href":"https:\/\/www.inoxmartens.eu\/index.php\/wp-json\/wp\/v2\/pages\/7"}],"collection":[{"href":"https:\/\/www.inoxmartens.eu\/index.php\/wp-json\/wp\/v2\/pages"}],"about":[{"href":"https:\/\/www.inoxmartens.eu\/index.php\/wp-json\/wp\/v2\/types\/page"}],"author":[{"embeddable":true,"href":"https:\/\/www.inoxmartens.eu\/index.php\/wp-json\/wp\/v2\/users\/1"}],"replies":[{"embeddable":true,"href":"https:\/\/www.inoxmartens.eu\/index.php\/wp-json\/wp\/v2\/comments?post=7"}],"version-history":[{"count":13,"href":"https:\/\/www.inoxmartens.eu\/index.php\/wp-json\/wp\/v2\/pages\/7\/revisions"}],"predecessor-version":[{"id":273,"href":"https:\/\/www.inoxmartens.eu\/index.php\/wp-json\/wp\/v2\/pages\/7\/revisions\/273"}],"wp:attachment":[{"href":"https:\/\/www.inoxmartens.eu\/index.php\/wp-json\/wp\/v2\/media?parent=7"}],"curies":[{"name":"wp","href":"https:\/\/api.w.org\/{rel}","templated":true}]}}